2 - 14*c + 2. Calculate p(14).
2
Let f(k) = -2*k**3 + 2*k**2 + 1. What is f(-2)?
25
Let j(q) = -2*q**2 - 7*q - 5. Determine j(-4).
-9
Let u(a) = a**2 + 2*a - 17. Give u(4).
7
Let y(f) = f**2 - 5*f - 11. Determine y(-2).
3
Let u(l) = -2*l**3 + 41*l**2 + 21*l - 4. What is u(21)?
-4
Let h(r) = -r**2 + 16*r + 23. Calculate h(17).
6
Let s(q) = q - 32. Calculate s(-6).
-38
Let q(k) = -k - 1. What is q(7)?
-8
Let o(p) = 2*p**2 - p - 6. Give o(4).
22
Let m(g) = -8*g**3 - g**2 - 3*g - 1. What is m(-2)?
65
Let d(h) = h**2 - 16*h + 23. Give d(5).
-32
Let g(o) = 8*o**3 + 2*o**2 - o. Calculate g(1).
9
Let j(h) = -h**3 - 7*h**2 - 3*h + 8. What is j(-6)?
-10
Let y(a) = -a**3 - a**2 + 2*a - 83. Determine y(0).
-83
Let b(y) = -5*y - 357. Determine b(-71).
-2
Let i(z) = 2*z - 16. What is i(-6)?
-28
Let y(d) = 31*d - 244. Calculate y(8).
4
Let d(k) = 24*k + 95. Determine d(-4).
-1
Let h(o) = 2*o**3 + 39*o**2 + 17*o + 23. Determine h(-19).
61
Let n(b) = -b**2 + 41*b - 205. Calculate n(35).
5
Let q(b) = b**3 + 7*b**2 - 9*b - 3. Calculate q(-8).
5
Let m(c) = 2*c**2 + 13. Give m(3).
31
Let r(d) = d**3 + 5*d**2 + 2*d + 6. Give r(-5).
-4
Let c(t) = 2*t - 24. What is c(-8)?
-40
Let p(j) = -3*j - 13. Give p(-5).
2
Let h(w) = -w**3 + 6*w**2 + 5*w + 7. What is h(6)?
37
Let o(b) = 2*b**3 + 11*b**2 + 6*b + 10. What is o(-5)?
5
Let p(w) = 14*w - 10. Calculate p(4).
46
Let q(v) = -v**3 - 4*v**2 + 4*v + 12. Calculate q(-5).
17
Let y(b) = b**3 + 15*b**2 - 15*b + 13. What is y(-16)?
-3
Let c(s) = -s + 11. What is c(-11)?
22
Let l(w) = w**2 + 30*w - 6. What is l(-30)?
-6
Let i(l) = -l**2 - 30*l - 12. Determine i(-20).
188
Let k(h) = -4*h + 42. What is k(9)?
6
Let o(d) = 2*d + 20. Calculate o(-8).
4
Let b(p) = -2*p**3 + 54*p**2 + 3*p - 70. Determine b(27).
11
Let d(t) = t**2 - 10*t - 104. Give d(18).
40
Let x(g) = g**3 - 23*g**2 + 73*g - 1. Determine x(4).
-13
Let c(s) = s**2 + 25*s - 28. Give c(-25).
-28
Let c(x) = -5*x. What is c(-1)?
5
Let n(m) = 11*m + 26. Determine n(4).
70
Let i(a) = -8*a - 37. Calculate i(-5).
3
Let f(y) = -y**2 - 36*y - 21. Calculate f(-36).
-21
Let d(m) = -3*m**2 - 11*m + 4. What is d(-3)?
10
Let n(a) = -4*a**2 - 26*a + 48. Determine n(-8).
0
Let c(x) = -x**3 + 5*x**2 + 7*x - 19. Determine c(6).
-13
Let d(g) = -g**3 - 17*g**2 + 2*g + 38. What is d(-17)?
4
Let u(x) = 16*x - 71. Calculate u(5).
9
Let t(q) = q**3 - 21*q**2 - 26*q + 85. Give t(22).
-3
Let l(h) = -2*h - 33. Give l(-10).
-13
Let f(i) = i**2 - i - 25. Determine f(5).
-5
Let r(p) = -p**2 + 8*p + 15. Determine r(9).
6
Let b(w) = -11*w - 4. Calculate b(4).
-48
Let o(i) = i**3 - 9*i**2 - 10*i - 5. Give o(10).
-5
Let r(s) = 11*s - 27. Determine r(11).
94
Let p(z) = -9*z + 51. Give p(5).
6
Let u(s) = -s**2 - 8*s - 8. Calculate u(-1).
-1
Let j(q) = q**2 + 15*q + 6. What is j(-13)?
-20
Let t(l) = l**2 - 8*l - 25. Calculate t(-3).
8
Let k(a) = -3*a + 15. Give k(10).
-15
Let h(k) = k**2 - 2*k - 1. Give h(3).
2
Let y(t) = t**3 + 2*t**2 - 3*t - 2. Give y(-3).
-2
Let j(a) = -2*a**2 + 57*a - 69. Give j(27).
12
Let u(d) = -d**2 + 9*d - 11. Calculate u(7).
3
Let a(h) = -h**2 + 12*h + 130. Give a(-7).
-3
Let n(u) = -u**3 + 5*u**2 + u - 11. Determine n(5).
-6
Let f(a) = -4*a - 161. What is f(-41)?
3
Let x(m) = m**2 + m + 3. Determine x(-4).
15
Let s(l) = -l**3 + 14*l**2 + 7*l - 91. Determine s(14).
7
Let y(p) = p - 4. Determine y(9).
5
Let q(i) = 2*i**3 + 13*i**2 - 4*i - 14. Give q(-7).
-35
Let h(f) = 24*f + 62. What is h(-3)?
-10
Let t(o) = -18*o - 16. Calculate t(-2).
20
Let c(m) = -m + 8. Give c(-6).
14
Let l(z) = -z**3 + 10*z**2 + 10*z + 15. Calculate l(11).
4
Let x(f) = -3*f**2 - 30*f - 4. What is x(-10)?
-4
Let n(f) = -f**2 - f + 5. Determine n(2).
-1
Let q(r) = -2*r**3 + r**2 + r + 13. What is q(0)?
13
Let p(b) = b**2 - 4*b - 2. Give p(4).
-2
Let g(v) = v**3 + 4*v**2 + 4*v + 4. Give g(-3).
1
Let i(f) = -f**3 - 13*f**2 + 5*f + 78. Determine i(-13).
13
Let g(t) = -7*t + 6. Give g(8).
-50
Let o(i) = -53*i**3 - 2*i**2 - 2*i - 1. Calculate o(-1).
52
Let g(j) = -3*j + 106. Give g(31).
13
Let l(h) = h**3 - 5*h**2 + 9*h - 5. Determine l(3).
4
Let q(m) = -m + 23. Determine q(29).
-6
Let u(o) = -2*o + 5. Calculate u(-4).
13
Let g(y) = -y + 3. What is g(0)?
3
Let q(p) = -p**2 + 2*p - 5. Determine q(-9).
-104
Let g(r) = 2*r - 2. Give g(4).
6
Let s(w) = 2*w + 2. Give s(-4).
-6
Let d(c) = -c - 3. What is d(7)?
-10
Let s(w) = w**2 - 4*w + 1. Determine s(2).
-3
Let r(j) = 6*j - 49. Determine r(7).
-7
Let m(r) = r**2 - 2*r + 1. Calculate m(4).
9
Let u(b) = -b - 20. Calculate u(14).
-34
Let m(d) = 11*d + 67. What is m(-6)?
1
Let q(z) = 2*z**2 - 11*z - 8. Determine q(8).
32
Let z(d) = -2*d**3 - 12*d**2 + 4*d + 6. What is z(-6)?
-18
Let v(d) = -19*d - 17. What is v(4)?
-93
Let s(g) = -g**2 - 2*g - 1. What is s(-3)?
-4
Let c(w) = -w**3 + 3*w**2 + 11*w - 3. Give c(5).
2
Let l(v) = -v**3 + 5*v**2 + 7*v - 9. What is l(6)?
-3
Let w(p) = p - 8. What is w(10)?
2
Let b(f) = 2*f**2 + 83*f - 53. Calculate b(-42).
-11
Let f(w) = -w**2 - 63*w + 203. Determine f(-66).
5
Let k(i) = i**2 - i + 1. Determine k(0).
1
Let d(h) = 3*h**2 - 3*h - 3. Calculate d(2).
3
Let w(k) = k**3 - 7*k**2 - 2*k. Calculate w(7).
-14
Let k(q) = q**3 - 51*q**2 + 61*q - 556. Determine k(50).
-6
Let v(m) = -16*m - 135. What is v(-9)?
9
Let n(m) = m**3 + 12*m**2 + m - 9. What is n(-12)?
-21
Let r(m) = -2*m**3 + m + 1. Calculate r(-1).
2
Let n(j) = -13*j**2 + j - 2. Give n(-1).
-16
Let d(f) = -4*f**3 + 2*f**2 - f + 1. Determine d(1).
-2
Let b(y) = 26*y**2 - 8*y + 4. What is b(2)?
92
Let t(r) = r**2 + 21*r - 6. Calculate t(-21).
-6
Let a(d) = d**2 + 52*d + 98. Give a(-50).
-2
Let i(z) = z**2 + 5*z + 10. What is i(-5)?
10
Let x(y) = y**2 + 2*y - 10. Calculate x(5).
25
Let z(a) = -a**3 - 8*a**2 + a - 10. Calculate z(-4).
-78
Let x(l) = l**2 - 11. Give x(-4).
5
Let n(r) = r**3 - 3*r**2 + 4*r + 3. Calculate n(4).
35
Let t(q) = -q**3 + 18*q**2 - 6. What is t(18)?
-6
Let s(y) = -y**2 + 4*y - 4. Calculate s(5).
-9
Let x(k) = k**2 - 9*k - 7. Determine x(10).
3
Let d(u) = -u + 13. Determine d(5).
8
Let i(v) = -9*v - 80. What is i(0)?
-80
Let h(l) = -l**2 - 12*l - 28. Calculate h(-9).
-1
Let q(s) = -s**3 + 6*s**2 - 2*s - 5. What is q(4)?
19
Let o(h) = -2*h - 5. Give o(2).
-9
Let z(p) = -p - 62. What is z(23)?
-85
Let y(r) = r**3 - r**2 + 7*r - 10. What is y(4)?
66
Let m(n) = -n**3 - n**2 - 2*n + 95. What is m(0)?
95
Let n(a) = -a**3 - 8*a**2 - 5*a + 20. Give n(-7).
6
Let l(k) = k**2 + 5*k - 14. Calculate l(-6).
-8
Let b(o) = -2*o**3 - 44*o**2 + 44*o - 17. Calculate b(-23).
29
Let j(w) = 13*w - 78. Give j(6).
0
Let q(o) = o**2 - 7*o + 9. Give q(7).
9
Let q(a) = -2*a - 5. Give q(-6).
7
Let w(j) = -j**2 - 4*j + 7. Calculate w(-6).
-5
Let t(w) = -40*w**2 - 8*w + 9. Calculate t(1).
-39
Let k(t) = 5*t**2 + 108*t - 38. Calculate k(-22).
6
Let o(w) = 3*w - 67. What is o(26)?
11
Let a(o) = 7*o - 1. What is a(2)?
13
Let v(l) = 9*l**2 - 3*l + 2. Give v(1).
8
Let x(n) = -n**2 + 47*n - 327. Determine x(9).
15
Let u(j) = -5*j - 9. Calculate u(-4).
11
Let s(u) = -26*u - 3. Calculate s(-3).
75
Let p(f) = -f**3 + 6*f**2 + 6*f - 15. Determine p(6).
21
Let g(m) = 14*m + 65. What is g(-11)?
-89
Let h(i) = i**2 - 21*i + 27. Determine h(19).
-11
Let q(u) = u**2 - 8*u + 5. Calculate q(6).
-7
Let i(j) = j**3 - 25*j**2 + 21*j + 78. Give i(24).
6
Let j(v) = v**3 - 6*v**2 + 2*v + 1. Give j(4).
-23
Let s(f) = -21*f**2 - 9*f - 4. What is s(-2)?
-70
Let g(x) = -x**3 + 7*x**2 - 6*x. Determine g(2).
8
Let g(f) = 4*f + 23. Determine g(-12).
-25
Let x(l) = -l**2 + 10*l + 3. Determine x(0).
3
Let i(k) = -3*k - 35. Calculate i(-18).
19
Let c(x) = 5*x**3 + 3*x**2 + 3*x. Calculate c(-2).
-34
Let c(p) = 3*p - 61. Determine c(-13).
-100
Let n(g) = -4*g + 22. Calculate n(7).
-6
Let q(h) = h**2 + 17*h + 26. Give q(-14).
-16
Let l(p) = 5*p**2 - 2*p - 5. What is l(4)?
67
Let w(h) = 2*h**2 + 1. Give w(-1).
3
Let w(l) = 57*l - 179. What is w(3)?
-8
Let o(y) = -3*y + 30. Calculate o(8).
6
Let y(l) = -l**3 - 5*l**2 - 5*l + 3. Determine y(-3).
0
Let z(b) = 47*b**2 + 2*b - 1. Determine z(1).
48
Let s(c) = c**2 - 6*c - 11. Determine s(7).
-4
Let h(z) = -z**2 + 59*z - 204. What is h(55)?
16
Let w(i) = -2*i**3 - 20*i**2 + 20*i - 48. Determine w(-11).
-26
Let n(c) = -c**3 - 8*c**2 - 7*c + 9. Determine n(-7).
9
Let b(j) = -2*j*